7908640 is divided by 3693.
3688
Calculate the remainder when 65413 is divided by 21648.
469
Calculate the remainder when 5813 is divided by 1115.
238
What is the remainder when 9513517 is divided by 179500?
17
Calculate the remainder when 46229414 is divided by 257.
254
Calculate the remainder when 2178 is divided by 1880.
298
Calculate the remainder when 14976 is divided by 2985.
51
Calculate the remainder when 869809 is divided by 173824.
689
Calculate the remainder when 57205279 is divided by 28602636.
7
Calculate the remainder when 1082739 is divided by 2409.
1098
Calculate the remainder when 77218 is divided by 467.
163
What is the remainder when 9231 is divided by 2361?
2148
Calculate the remainder when 14313455 is divided by 216.
215
What is the remainder when 457618 is divided by 1004?
798
What is the remainder when 35381407 is divided by 11793799?
10
Calculate the remainder when 78334661 is divided by 203.
6
Calculate the remainder when 3400326 is divided by 7554.
1026
Calculate the remainder when 708672 is divided by 37.
11
What is the remainder when 117309165 is divided by 197?
196
Calculate the remainder when 80608 is divided by 53.
48
What is the remainder when 5182359 is divided by 647794?
7
Calculate the remainder when 157786 is divided by 5086.
120
What is the remainder when 204053 is divided by 202487?
1566
What is the remainder when 14559551 is divided by 628?
627
Calculate the remainder when 27529285 is divided by 344.
341
What is the remainder when 14976736 is divided by 7?
5
What is the remainder when 49298202 is divided by 916?
914
Calculate the remainder when 1735290 is divided by 457.
61
What is the remainder when 23368478 is divided by 20?
18
Calculate the remainder when 9812985 is divided by 1401847.
56
What is the remainder when 103793 is divided by 102282?
1511
Calculate the remainder when 9854959 is divided by 93.
28
Calculate the remainder when 2055940 is divided by 3343.
3338
What is the remainder when 3496714 is divided by 8?
2
Calculate the remainder when 1327655 is divided by 771.
764
Calculate the remainder when 18245 is divided by 178.
89
What is the remainder when 265500 is divided by 100?
0
What is the remainder when 2524236 is divided by 2163?
15
Calculate the remainder when 1510256 is divided by 445.
371
Calculate the remainder when 2703450 is divided by 718.
180
Calculate the remainder when 20062557 is divided by 245.
242
Calculate the remainder when 2335026 is divided by 1773.
1758
What is the remainder when 294554 is divided by 8171?
398
Calculate the remainder when 110124 is divided by 55058.
8
Calculate the remainder when 28500188 is divided by 829.
826
Calculate the remainder when 455609 is divided by 2139.
2
What is the remainder when 7238184 is divided by 128?
40
Calculate the remainder when 255439566 is divided by 357.
354
Calculate the remainder when 740260 is divided by 507.
40
Calculate the remainder when 549040 is divided by 179256.
11272
What is the remainder when 31769210 is divided by 15884599?
12
Calculate the remainder when 993256 is divided by 345.
1
Calculate the remainder when 246129669 is divided by 204.
201
Calculate the remainder when 30501225 is divided by 144.
9
Calculate the remainder when 4454355 is divided by 3091.
224
Calculate the remainder when 1039738 is divided by 57763.
4
What is the remainder when 320162 is divided by 106187?
1601
What is the remainder when 5245580 is divided by 73?
19
Calculate the remainder when 635962 is divided by 350.
12
What is the remainder when 1814360434 is divided by 434?
432
Calculate the remainder when 1488764 is divided by 775.
764
What is the remainder when 654405154 is divided by 119?
116
Calculate the remainder when 370 is divided by 201.
169
Calculate the remainder when 205015 is divided by 1171.
90
What is the remainder when 97544131 is divided by 192016?
3
Calculate the remainder when 179746 is divided by 425.
396
Calculate the remainder when 29290576 is divided by 22.
18
Calculate the remainder when 20434250 is divided by 544.
522
Calculate the remainder when 23855694 is divided by 20.
14
Calculate the remainder when 3778985 is divided by 944737.
37
Calculate the remainder when 2674062 is divided by 480.
462
What is the remainder when 1912589 is divided by 737?
74
Calculate the remainder when 334098 is divided by 1919.
192
What is the remainder when 3622983 is divided by 290?
13
What is the remainder when 103914 is divided by 51920?
74
What is the remainder when 449974 is divided by 47?
43
What is the remainder when 5916990 is divided by 20474?
4
What is the remainder when 4188469 is divided by 993?
988
What is the remainder when 1565455 is divided by 45?
40
What is the remainder when 314707 is divided by 1085?
57
What is the remainder when 598455905 is divided by 565?
560
Calculate the remainder when 564072562 is divided by 12.
10
Calculate the remainder when 167694590 is divided by 33538917.
5
Calculate the remainder when 12373051 is divided by 844.
11
Calculate the remainder when 1638939 is divided by 1854.
3
Calculate the remainder when 52304 is divided by 2917.
2715
Calculate the remainder when 719449 is divided by 34.
9
Calculate the remainder when 237162 is divided by 606.
216
What is the remainder when 69036868 is divided by 2083?
2082
Calculate the remainder when 8272265 is divided by 1990.
1825
Calculate the remainder when 1036095 is divided by 410.
25
Calculate the remainder when 390411 is divided by 273.
21
What is the remainder when 69208553 is divided by 16?
9
Calculate the remainder when 3917474 is divided by 143.
132
Calculate the remainder when 991024338 is divided by 3.
0
Calculate the remainder when 262059 is divided by 38.
11
Calculate the remainder when 818972 is divided by 11.
0
What is the remainder when 10128106 is divided by 463?
444
What is the remainder when 4663382 is divided by 490?
52
What is the remainder when 55275 is divided by 106?
49
Calculate the remainder when 12223433 is divided by 4074466.
35
Calculate the remainder when 199991 is divided by 199580.
411
What is the remainder when 134345 is divided by 3433?
458
What is the remainder when 5738751 is divided by 232?
231
Calculate the remainder when 269351 is divided by 1557.
1547
What is the remainder when 3988579 is divided by 12742?
333
What is the remainder when 50079 is divided by 44?
7
Calculate the remainder when 4498894 is divided by 94.
54
What is the remainder when 3755518 is divided by 32?
30
Calculate the remainder when 42454 is divided by 41999.
455
Calculate the remainder when 1743637 is divided by 1851.
1846
Calculate the remainder when 1120101 is divided by 140002.
85
Calculate the remainder when 19378485 is divided by 336.
21
Calculate the remainder when 18902177 is divided by 21.
14
What is the remainder when 5321705 is divided by 225?
5
Calculate the remainder when 89512 is divided by 44576.
360
Calculate the remainder when 7550572 is divided by 8007.
7978
What is the remainder when 210180 is divided by 3089?
128
What is the remainder when 7988993 is divided by 1340?
1253
What is the remainder when 245813 is divided by 35116?
1
Calculate the remainder when 10152404 is divided by 846033.
8
Calculate the remainder when 13651 is divided by 1821.
904
What is the remainder when 50965946 is divided by 1592685?
26
Calculate the remainder when 30910547 is divided by 854.
17
Calculate the remainder when 30084264 is divided by 4857.
6
What is the remainder when 1779759 is divided by 1770?
909
Calculate the remainder when 8602590 is divided by 2867527.
9
What is the remainder when 2596829 is divided by 11966?
207
Calculate the remainder when 5805225 is divided by 2652.
2649
Calculate the remainder when 129281 is divided by 2019.
65
Calculate the remainder when 5632524 is divided by 1877502.
18
What is the remainder when 25259231 is divided by 633?
632
Calculate the remainder when 613536 is divided by 306715.
106
What is the remainder when 293081 is divided by 2291?
2124
What is the remainder when 59135447 is divided by 129968?
7
What is the remainder when 85981 is divided by 4772?
85
Calculate the remainder when 144418 is divided by 11108.
14
Calculate the remainder when 64985838 is divided by 3637.
3559
Calculate the remainder when 1